2*q**3. Let b = -1 + 1. Calculate v(b).
-3
Let r = 283 - 281. Let s(u) be the second derivative of -7/6*u**3 - 5/2*u**r + 0 - 1/12*u**4 - u. What is s(-5)?
5
Let f(c) be the second derivative of 0 - 1/60*c**5 - 1/3*c**3 + c + 3/2*c**2 + 1/6*c**4. Let v(z) be the first derivative of f(z). Give v(5).
-7
Let b(o) = -5*o - 57. Let p be b(-12). Let j(u) = u - 8. Let f(a) = 4*a - 26. Let z(n) = p*f(n) - 10*j(n). Determine z(-10).
-18
Suppose 0 = -h + 16*h - 15. Let f(d) be the third derivative of -d**6/24 + d**5/30 - d**3/6 + d**2. Give f(h).
-4
Let c(w) = -4 - 4*w - 2*w**2 - 5*w + 8*w**2 + 11*w - w**3. Determine c(6).
8
Suppose 13*h = -1 + 14. Let a(r) = r**2 + r + 2. Let c(p) = -2*p**2 + 4*p - 1. Let k(f) = h*c(f) + a(f). What is k(5)?
1
Let n(o) = 27*o**2 - o. Let j(r) = 8*r + 57. Let x be j(-7). Determine n(x).
26
Let g(i) = -4*i**2 - 3*i + 9*i**2 + 2 - 11*i**2 + 2*i + 7*i**2. Let x = 0 + 0. Determine g(x).
2
Let d(m) = m**3 + 10*m**2 + 8*m - 4. Let g be (-104)/(-1) + 6/6. Let k = g - 114. What is d(k)?
5
Let r(h) = h**3 - 10*h**2 - 11*h - 5. Let x be r(11). Let t be (-2)/x + 68/(-20). Let n(z) = 1. Let y(u) = -u + 8. Let p(j) = 6*n(j) - y(j). Calculate p(t).
-5
Let j(w) be the second derivative of w**5/20 - 11*w**4/12 + 7*w**3/6 + 9*w**2 - 2*w - 29. Determine j(10).
-12
Let x(z) be the first derivative of -z**3 - 4*z + 1/4*z**4 + 24 - 3/2*z**2. What is x(4)?
0
Let h = -14 - -17. Let w be -1*(-3 + -1 + h). Let z(p) = 5*p - 1. What is z(w)?
4
Let v be 7/2 + (-72)/48. Let y(i) = i**2 - 6*i + 3. Determine y(v).
-5
Suppose -5*a - 1 = -21. Let w(k) = k - 1. Let g(s) = -3*s - 1. Let z(t) = g(t) + 4*w(t). Determine z(a).
-1
Let r(o) = 2*o - 4. Suppose -3*c + 4*z = 16, -3*c - z = -3 - 1. Suppose 24 = 2*u + 4*u. Let n = u + c. Calculate r(n).
4
Let z(n) = 4*n**3 + n**2. Suppose -2*w + 4*w - 10 = 0. Suppose -6*r + w*r - 1 = 0. Give z(r).
-3
Suppose -4*k + 8 = -2*i, 0*k + 44 = -4*i + k. Let b = -70 - -82. Let w = b + i. Let a(c) = -c + 2. Determine a(w).
2
Let z(s) be the first derivative of -s**3/3 + 3*s**2 - 4*s + 54. Calculate z(6).
-4
Let q(v) = -2*v + 56. Suppose 101*n = 129*n - 644. Give q(n).
10
Let g(z) = -40 + 5*z - 7*z + 48 + 0*z. Determine g(4).
0
Let q(x) = -3*x - 8. Let b = 42 - 41. Let n(o) = -7*o**2 - 3*o + 4. Let v be n(b). What is q(v)?
10
Let d = 53 + -14. Let h(o) = 5*o**2 + 21 + o**3 + 21 - d. Determine h(-5).
3
Let p(t) = 3*t - 9. Let b(s) = -s**3 - s + 2. Let d be b(0). Let r(o) = -1. Let q(y) = d*r(y) - p(y). Calculate q(6).
-11
Suppose 2*c + d - 27 = 0, -3*d = 5*c - c - 59. Let p = -7 + c. Let b(n) be the third derivative of -n**5/60 + n**4/8 + n**3/3 + 15*n**2. Determine b(p).
-2
Suppose 2*c = -0 - 8. Let l = 56 + -38. Let n be c/l - (-215)/(-45). Let r(h) = h**2 + 7*h - 1. Calculate r(n).
-11
Let x be (-15)/(-10) + (-1)/2. Let f(v) = -27*v + x - 4 + 28*v. Let w be -2*-1*3/2. Give f(w).
0
Let r(f) be the first derivative of f**4/4 + 8*f**3/3 - 6*f**2 - 7*f - 489. Give r(-9).
20
Let o(z) = -2 - 2*z + 2*z - 3*z. Let p(j) be the third derivative of -j**5/20 + j**3/6 + 7*j**2. Let l be p(-1). What is o(l)?
4
Let g(f) be the second derivative of -2*f**6/15 + f**5/60 + f**4/24 - 33*f**2/2 + 33*f. Let t(o) be the first derivative of g(o). Let i = -1 + 0. What is t(i)?
16
Let x(c) = -18 - 12 + 2*c + 24. What is x(7)?
8
Let v = 45 + -42. Let m(b) = b**2 + v*b**2 + 20*b**3 + 4 - 21*b**3 + 1. Determine m(4).
5
Let i(r) = 7*r - 12. Let b(w) be the second derivative of -5*w**3/2 + 25*w**2/2 + 8*w. Let o(t) = -6*b(t) - 13*i(t). What is o(3)?
3
Let j(x) be the first derivative of -x**4/4 + 8*x**3/3 - x**2/2 + 7*x + 29. Determine j(8).
-1
Let w(y) be the third derivative of y**6/120 - y**5/12 - y**4/6 + 5*y**3/3 - 285*y**2 - 1. Calculate w(4).
-22
Let f(i) = -9*i + 3. Let w be (-24)/(-36) + 2/6. Give f(w).
-6
Let k(x) be the first derivative of x**2/2 - 1. Let y be k(-2). Let q be y + -1 - (-4 + 1). Let l(p) = p**2 - p - 8. Calculate l(q).
-8
Let n = 8 + -6. Let m(c) be the first derivative of c**3/3 - c + 224. Determine m(n).
3
Suppose -d = 2*p + 6, -3*d + 2*p = -0*d + 18. Let x(u) = -u - 2. Calculate x(d).
4
Let f(x) be the second derivative of -x**5/20 + x**4/6 - x**3/3 - x**2/2 + 19*x. Suppose 0 = 3*g + 5*a + 11, -4*g - 8 = -0*g + 5*a. What is f(g)?
-16
Let q(j) = 7*j**3 + 2*j - 2. Let w be 2/(-6)*(-7 + (-8)/(-2)). Give q(w).
7
Let v(i) = -4*i + 3. Let d(t) = t**3 - 4*t**2 - 4*t - 4. Let s be d(5). Suppose -29 + s = -2*o. Let z be 36/o + 12/28. Calculate v(z).
-9
Let p(t) = -t**3 + 9*t + 6. Let g be p(0). Let a(r) = -r**3 + 6*r**2 - 12. Determine a(g).
-12
Let y = -5 + 8. Let t be 2*(12/y)/(-8). Let i be (t - 4)*20/(-50). Let q(f) = f**3 - f**2 - 3*f + 3. Give q(i).
1
Let i(w) = w - 1. Let n(q) = -5 + 0 - q + 6. Let b(g) = -2*i(g) - 3*n(g). Let z = 8 - 2. Determine b(z).
5
Let x(h) = -h - 3. Let t be x(0). Let s(f) = 6*f**2 + 2*f + 11. Let k(a) = -a**2 - a - 3. Let j(b) = -5*k(b) - s(b). What is j(t)?
-14
Let u be (1/6)/((-1)/(-6)). Let c(d) = -8*d**2 + 0*d + u + d + 7*d**2. What is c(2)?
-1
Let p(t) be the first derivative of -t**4/12 - 6*t + 21. Let k(z) be the first derivative of p(z). What is k(0)?
0
Let s(a) = a**2 - 18*a + 19. Let y be s(17). Suppose p + y = -3. Let f(b) = 2*b - 3 + 7 + 0. What is f(p)?
-6
Let p(d) = 4*d**2 + 2*d - 9. Let t(h) = 3*h**2 + 2*h - 8. Let z(i) = -4*p(i) + 5*t(i). Calculate z(0).
-4
Let g(m) = m**3 - 9*m**2 + 18*m + 15. Let j be g(5). Let d(s) = -s**2 + 2*s - 7. Determine d(j).
-22
Let q be (-1)/2*2/(-2)*4. Let v(g) = 2*g**2 + 4 - 5 - g + 0 - 3*g**q. Calculate v(2).
-7
Let k(s) = -s**3 - s**2 - s + 1. Let g(x) = 3*x**3 + 3*x - 3. Let w(o) = -o - 10. Let l be w(-6). Let c(h) = l*k(h) - g(h). Calculate c(-3).
5
Let o(m) be the first derivative of m**4/4 + m**3/3 - 24*m + 204. Determine o(0).
-24
Suppose -7*g + g - 7*g = 0. Let w(f) = f**2 - 11. Give w(g).
-11
Suppose 0 = -26*j + 32*j. Let b(s) be the third derivative of j - 1/6*s**3 + 0*s + 1/30*s**5 + s**2 - 5/24*s**4. Calculate b(4).
11
Let i be ((-2)/(-8))/((-1)/4). Let h(u) = -2*u**3 - 3*u**2 - 6. Let d(f) = f**3 + f**2. Let x(w) = i*h(w) - 3*d(w). What is x(0)?
6
Let k(j) = 9*j**2. Suppose 3*q + 15 = 0, -2*p + 5*q - 4 - 1 = 0. Let d be (-10)/p*6/4. Give k(d).
9
Let d(j) = -j**2 + j + 1. Let l be d(-2). Let g be 31 - 5/(5/4). Let h(v) = 23*v + g*v + 2 - 51*v. Give h(l).
7
Let k(d) = 5*d - 12. Suppose 3*w = 2*j + 9, 5*j - 9*j = -12. Give k(w).
13
Let a(g) = -g**3 - g**2 + 3*g + 2. Let n be a(0). Let x(o) be the second derivative of -1/12*o**4 + o + n*o**2 + 0 + 0*o**3. What is x(-3)?
-5
Let u(y) = -2 + 3*y - 270*y**3 - 5*y + 135*y**3 + 134*y**3 - 2*y**2. Let x be (-2)/(-2) + -2 - 1. What is u(x)?
2
Let l(b) = -2*b - 4. Suppose 0 = 4*u - 6*u + 8. Suppose -u*k + s + s = -62, 5*s = -k - 12. Let g(p) = p**3 - 13*p**2 + p - 18. Let h be g(k). Give l(h).
6
Let b(g) be the first derivative of 6 + 1/6*g**3 - 1/12*g**4 - 1/20*g**5 + 4*g + 5*g**2. Let c(v) be the first derivative of b(v). Determine c(0).
10
Let q(u) = u**3 - 2*u**2 - 1. Suppose 0 = -0*c - 2*c. Suppose c = -3*l + 6. Calculate q(l).
-1
Let a = 17 - 14. Let g(t) = 3*t**3 + t**2 + 3. Let z(k) = -4*k**3 - k**2 + k - 4. Let w be 26/6 - (-5)/(-15). Let s(d) = w*z(d) + 5*g(d). What is s(a)?
-7
Let v(x) = x**2 - 4*x - 4. Let h = -29 + 41. Suppose u = -h - 2. Let g be ((-12)/(-10))/(u/(-35)). Calculate v(g).
-7
Let v(q) = -q**3 + 5*q**2 - q + 8. Let n(a) = -a - 2. Let m be n(-7). Let i be v(m). Let f(j) = j + 3 - 4*j + 0*j**i + 3*j**2 - 2*j**3 - j. Give f(2).
-9
Let h(a) = -a**2 + 4*a - 5. Let m = 596 - 594. Calculate h(m).
-1
Let t(o) = -4*o - 1. Let v(b) = 3*b - 1. Let c(k) = 4*t(k) + 5*v(k). What is c(-10)?
1
Let u(k) = -6*k**2 + 5*k + 4. Suppose -2*m - c + 1 = -0*m, 0 = m + 2*c + 7. Let y(h) = -6*h**2 + 6*h + 5. Let w(q) = m*y(q) - 4*u(q). What is w(-1)?
7
Let g(l) = -l**2 - 7*l - 9. Let n be 0/23 + 6/1. Suppose 3*j = -n, 0*h = -4*h + 5*j - 18. What is g(h)?
-9
Let v(p) = -7*p**2 + 0*p + 4*p**3 - 42 - 2*p + 47 - 3*p**3 + p. Let h = 18 + -11. What is v(h)?
-2
Let o(f) = 8*f**2 - 19*f + 20. Let d(j) = 2*j**2 - j + 1. Let t(h) = 3*d(h) - o(h). What is t(7)?
-3
Let f(a) = 51*a**2 - 1. Suppose -v + j = -4*j + 21, 5*j - 20 = 0. Determine f(v).
50
Let u(j) = 64*j - 9. Let v(h) = 35*h - 5. Let w(q) = 6*u(q) - 1